he highest common factor of 4 and n.
2
Let b(v) = v**2 - 15. Let f be b(-6). What is the greatest common divisor of 168 and f?
21
Let q = -1 - -1. Suppose 4*v = -2*f, q = f + 3*v + 1 + 1. Suppose -2*p + 4 = -f. What is the greatest common factor of 4 and p?
4
Suppose 56 = 7*q - 63. What is the highest common divisor of q and 136?
17
Let u be 1 - -2 - (0 + -13). Suppose -2*x + 6*x = 4*g + u, 0 = x - 2*g. Calculate the greatest common divisor of 20 and x.
4
Let j = 4 - 2. Suppose j*o = 6*o - 40. Calculate the greatest common factor of o and 5.
5
Suppose -3*f + 11 = -25. Let q = -47 - -55. What is the greatest common divisor of q and f?
4
Suppose -31 = -6*i + 53. Suppose -s - 5*k - 3 - 1 = 0, 5*k - 80 = -5*s. Calculate the greatest common factor of s and i.
7
Suppose 0 = h + 2*h - 6. Suppose 3*b - 2*z = -75, -h*z + 12 = -2*b - 40. Let c = b + 35. Calculate the greatest common divisor of c and 96.
12
Let b = 34 + 22. Suppose -3*v + 7*v + b = 0. Let r be 3/(-3) - v - -1. What is the highest common divisor of r and 2?
2
Let u be (-8)/60 - 96/(-45). Suppose -d - 3*d + 64 = -u*l, 68 = 4*d - 4*l. What is the greatest common factor of d and 15?
15
Let n be ((-6)/(-12))/((-2)/(-704)). What is the greatest common factor of n and 22?
22
Let r be (-8)/(-8) - 64*-1. What is the highest common divisor of r and 13?
13
Let g(i) = -i - 7. Let q be g(0). Let h = 10 + q. Calculate the greatest common divisor of h and 33.
3
Let r = 5 - 3. Let v be 2/4*(r - -62). Let o be 3/(-3)*-49 - 1. What is the highest common divisor of o and v?
16
Suppose -l - 2*l = 0. Suppose -w + l*w = -4. Calculate the highest common factor of w and 32.
4
Suppose -2*h = 20 - 496. Let r = -21 + 26. Suppose -4*u = 3*l - h - 207, 0 = r*u - 3*l - 590. Calculate the greatest common factor of u and 23.
23
Let p(z) be the first derivative of -z**4/4 + 7*z**3/3 - 3*z**2/2 - 4*z + 1. Let n be p(6). What is the greatest common divisor of 112 and n?
14
Suppose 3*u - 14 = -p, -3*u + p = -0*u - 22. Suppose 4*y = 195 - 27. Calculate the greatest common factor of y and u.
6
Let t(m) = 5*m**2 - m + 2. Let g be t(6). Suppose 5*x - 42 = 8. Suppose -l + x = -6. Calculate the highest common divisor of g and l.
16
Let c = 1 - -5. Let z(d) = -d**3 + 7*d**2 - 4*d + 7. Let b be z(c). Calculate the highest common factor of b and 57.
19
Let v be (-5)/(-20) + (-14)/(-8). Suppose -3*l = -32 + v. Calculate the greatest common factor of l and 80.
10
Let t be 1 - 2 - (-2 - 1). Suppose t*g - g = 80. What is the greatest common factor of 10 and g?
10
Let s(d) = 45*d**2 - 1. Let w be s(-1). What is the greatest common factor of 4 and w?
4
Let u = 119 + -65. Calculate the greatest common factor of 36 and u.
18
Let i be 8/(-44) - (-466)/22. Suppose -2*r - 11 + 347 = 0. Calculate the highest common factor of i and r.
21
Let y be (1 - 4) + (14 - 10). Let z = -12 + 34. Let d be 9/6*z/3. What is the greatest common factor of y and d?
1
Let o = -6 - -7. Let t be o/((2 + 1)/(-6)). Let h be t/(3 - 2) + 72. Calculate the highest common divisor of 10 and h.
10
Let a be (-1 + 5)/((-2)/(-40)). Suppose 0 = -2*o - 5 - 1. Let g be 15/2*(-8)/o. Calculate the greatest common factor of g and a.
20
Let b be (0 - 0/2) + 2. Let u be 5/b*(1 - -5). Let w = -87 - -162. Calculate the highest common divisor of w and u.
15
Let b = 10 + -33. Let d = 59 + b. Calculate the highest common factor of 12 and d.
12
Suppose -2*i = x - 238, 3*i - 1 = 8. Calculate the highest common factor of 58 and x.
58
Suppose 4*z = 2*c + 260, 4*z - 340 = -z - 5*c. Calculate the greatest common factor of z and 44.
22
Suppose 0 = -5*u - 31 + 236. Calculate the highest common divisor of u and 123.
41
Suppose 0 = -3*z + 4*s + 15, z - 5*z + 51 = 5*s. Calculate the highest common factor of z and 171.
9
Let z be (0 + -3)*1/3. Let k(c) = -72*c**3 - c**2 - c. Let a be k(z). Let q be 1 - 1*(-1 + -7). Calculate the highest common factor of q and a.
9
Suppose -5*b - 4*w = -w - 23, 9 = 3*b - 3*w. Let t(n) = -n**3 + 3*n**2 + 5*n - 1. Let v be t(b). What is the highest common factor of 15 and v?
3
Let j(r) = r**2 - 8*r - 4. Let i be j(9). Suppose -2*g + 138 = -0*n + 4*n, -i*n + 3*g + 145 = 0. Calculate the highest common divisor of n and 8.
8
Let b = -47 - -91. Calculate the greatest common factor of b and 22.
22
Let g = 2 - 1. Let f be (g + -3)*(-2 - 0). Let q(k) = 42*k**2 + 2. Let d be q(-1). Calculate the highest common divisor of f and d.
4
Let b(v) = 2*v**2 - 9. Let x be b(-4). Calculate the highest common divisor of 184 and x.
23
Let j(h) = -4*h**2. Let p be j(1). Let b be p/(3*(-2)/(-12)). Let o(v) = -v**2 - 8*v + 5. Let g be o(b). What is the highest common divisor of g and 20?
5
Let z be (5*7)/(14 + -13). What is the highest common factor of 14 and z?
7
Let t(m) = m**3 - 5*m**2 + 2*m + 6. Let k be t(5). Let a = -120 + 200. What is the highest common divisor of a and k?
16
Suppose 0 = -5*j + 3*t + 341, j + 4*t + 58 = 2*j. Calculate the greatest common divisor of 28 and j.
14
Let d be -1 + -4 - (1 - 123). Let f(w) = 13*w**2 - w - 1. Let b be f(-1). What is the highest common divisor of d and b?
13
Suppose g + 3*g - 12 = 0. Suppose -4*c + 24 = 2*o, -o + 2*o + 3 = g*c. What is the highest common factor of o and 6?
6
Let o be 4/(-18) + 1460/90. Let g be (1/((-2)/o))/(-1). What is the highest common factor of g and 40?
8
Suppose -3*a = -3*h - 375, -69 = -a + 4*h + 68. Suppose -q = 3*u + q - 31, -3*u + 38 = -5*q. Calculate the highest common divisor of a and u.
11
Let n be 9/(-6)*(-240)/9. Suppose 0 = -0*x - 4*x + n. What is the greatest common divisor of 50 and x?
10
Suppose 39*f = 38*f + 39. Calculate the greatest common factor of 273 and f.
39
Let x = 14 - 20. Let t be (0 - x) + (-4 - -2). Let f be (-17)/(-5) + t/(-10). What is the greatest common divisor of f and 12?
3
Suppose -26 + 1 = 5*o. Let v = -9 - o. Let j(f) = -9*f - 2. Let k be j(v). Calculate the highest common divisor of 17 and k.
17
Suppose 5*b + 12 = 2*b. Let r be 8/b + 1*5. Suppose q + w - 42 = 0, r*q = 3*w - w + 136. What is the greatest common divisor of 11 and q?
11
Suppose y + 3*l = -0*y + 172, -4*l = 5*y - 915. What is the highest common divisor of y and 17?
17
Let g(c) = -8*c + 3. Let w be g(-3). Let a(j) = -2*j + 45. Let n be a(18). What is the greatest common factor of n and w?
9
Suppose 0 = -2*a + 4*s + 6, 0 = -5*a - 5*s + s + 71. Calculate the greatest common factor of 22 and a.
11
Suppose 278*k = 273*k + 150. Calculate the greatest common divisor of k and 210.
30
Let j = -21 - -34. What is the greatest common factor of 143 and j?
13
Let d be 15*(-1 + (1 - -1)). Suppose -3*k = -0*k - d. Suppose 0 = -4*a + 6*a - 70. What is the greatest common divisor of k and a?
5
Suppose b - 2*b = 4*h - 149, 2*h - 97 = -5*b. What is the greatest common divisor of h and 396?
36
Let h = 10 - 7. Let f be (6/9)/(1/18). What is the highest common divisor of f and h?
3
Let b = 68 - 63. Calculate the highest common divisor of b and 40.
5
Suppose 0 = -2*f - 4*a + 4, -f - 4*f + 85 = -5*a. Calculate the greatest common factor of f and 132.
12
Suppose 4*p = p + 36. Calculate the greatest common factor of 30 and p.
6
Let x = -36 + 50. Calculate the highest common divisor of 42 and x.
14
Let v(x) = -x**3 - 4*x**2 + x - 8. Let w be v(-5). What is the highest common divisor of w and 120?
12
Suppose 2*f + 2*r - 12 = 0, 4*f - 14 = r + 10. What is the greatest common divisor of 30 and f?
6
Let l(x) = 7*x**2 - 4*x - 4. Let c be l(-2). Let b = c - -17. What is the greatest common divisor of b and 7?
7
Let f(m) = -6*m + 4*m**2 + 4*m**3 - 3*m**3 + 0*m**3 - 1. Let t be f(-5). What is the highest common divisor of t and 28?
4
Suppose -21 + 1 = -5*z. What is the greatest common factor of 2 and z?
2
Let t(q) = -q**2 + 10*q + 5. Let n be t(11). Let c = n + 12. Let o be (352/24)/(4/c). Calculate the highest common factor of o and 2.
2
Suppose 0 = -x - 3*k - 73, -2*k + 5*k - 231 = 3*x. Let t = x + 140. What is the greatest common factor of t and 8?
8
Let h = 16 - 1. Calculate the highest common factor of 150 and h.
15
Suppose -44 = -5*a + 176. Suppose -3*n + 114 = 3*m, m + 3*n - a + 8 = 0. Calculate the highest common divisor of m and 26.
13
Suppose -p - 26 = -5*s - 270, 0 = -5*p - 5. Let w = -34 - s. Let v = -190 + 310. What is the highest common f